{"id":53,"date":"2014-05-29T16:30:09","date_gmt":"2014-05-29T14:30:09","guid":{"rendered":"http:\/\/www.werb-welter.de\/wordpress\/?page_id=53"},"modified":"2018-02-26T11:06:01","modified_gmt":"2018-02-26T09:06:01","slug":"rechtstipps","status":"publish","type":"page","link":"https:\/\/www.werb-welter.de\/wordpress\/rechtstipps\/","title":{"rendered":"Rechtstipps"},"content":{"rendered":"<p>&nbsp;<\/p>\n<p><strong>Fachartikel zu verschiedenen Themen finden Sie hier:<\/strong><\/p>\n<p>&nbsp;<\/p>\n<p><a href=\"https:\/\/www.anwalt.de\/rechtstipps\/das-neue-architekten-und-ingenieurrecht_121876.html\" target=\"_blank\">Das neue Architekten- und Ingenieurrecht 2018<\/a><\/p>\n<p>&nbsp;<\/p>\n<p><a href=\"https:\/\/www.anwalt.de\/rechtstipps\/das-neue-bauvertragsrecht-fuer-verbraucher_121873.html\" target=\"_blank\">Das neue Bauvertragsrecht f\u00fcr Verbraucher 2018<\/a><\/p>\n<p>&nbsp;<\/p>\n<p><a href=\"http:\/\/www.anwalt-suchservice.de\/rechtstipps\/auswirkungen_des_gesetzes_zur_umsetzung_der_verbraucherrechterichtlinie_18015.html\" target=\"_blank\">Auswirkungen des Gesetzes zur Umsetzung der Verbraucherrechterichtlinie f\u00fcr Onlineh\u00e4ndler<\/a><\/p>\n<p>&nbsp;<\/p>\n<p><a href=\"http:\/\/www.anwalt-suchservice.de\/rechtstipps\/haftung_fuer_urheberrechtsverletzungen_im_internet_illegales_filesharing_abmahnung_und_schadenersatz_18012.html\" target=\"_blank\">Haftung f\u00fcr Urheberrechtsverletzungen im Internet \u2013 illegales Filesharing \u2013 Abmahnung und Schadenersatz \u2013<\/a><\/p>\n<p>&nbsp;<\/p>\n<p><a href=\"http:\/\/www.anwalt-suchservice.de\/rechtstipps\/hilfe_bei_schrottimmobilien_18014.html\" target=\"_blank\">Hilfe bei Schrottimmobilien<\/a><\/p>\n<p>&nbsp;<\/p>\n<p><a href=\"http:\/\/www.anwalt.de\/rechtstipps\/das-neue-uwg-das-neue-lauterkeitsrecht_002093.html\">Das neue UWG &#8211; das neue Lauterkeitsrecht<\/a><\/p>\n<p>&nbsp;<\/p>\n<p><a href=\"http:\/\/www.anwalt.de\/rechtstipps\/die-unternehmergesellschaft-alternative-zur-limited_001355.html\">Die Unternehmergesellschaft &#8211; Alternative zur Limited<\/a><\/p>\n<p>&nbsp;<\/p>\n<p><a href=\"http:\/\/www.anwalt.de\/rechtstipps\/die-kuenstlersozialabgabe-eine-neue-sozialabgabe_001046.html\">Die K\u00fcnstlersozialabgabe &#8211; eine neue Sozialabgabe?<\/a><\/p>\n<p>&nbsp;<\/p>\n<p><a href=\"http:\/\/www.anwalt.de\/rechtstipps\/das-eigene-foto-im-internet-und-das-urheberrecht-des-fotografen_000623.html\">Das eigene Foto im Internet und das Urheberrecht des Fotografen<\/a><\/p>\n<p>&nbsp;<\/p>\n<p><a href=\"http:\/\/www.anwalt.de\/rechtstipps\/baurecht-aktuell-vobb_000596.html\">Baurecht aktuell &#8211; VOB\/B 2006<\/a><\/p>\n","protected":false},"excerpt":{"rendered":"<p>&nbsp; Fachartikel zu verschiedenen Themen finden Sie hier: &nbsp; Das neue Architekten- und Ingenieurrecht 2018 &nbsp; Das neue Bauvertragsrecht f\u00fcr Verbraucher 2018 &nbsp; Auswirkungen des Gesetzes zur Umsetzung der Verbraucherrechterichtlinie f\u00fcr Onlineh\u00e4ndler &nbsp; Haftung f\u00fcr Urheberrechtsverletzungen im Internet \u2013 illegales Filesharing \u2013 Abmahnung und Schadenersatz \u2013 &nbsp; Hilfe bei Schrottimmobilien &nbsp; Das neue UWG &#8211; &hellip; <a href=\"https:\/\/www.werb-welter.de\/wordpress\/rechtstipps\/\" class=\"more-link\"><span class=\"screen-reader-text\">\u201eRechtstipps\u201c<\/span> weiterlesen<\/a><\/p>\n","protected":false},"author":1,"featured_media":0,"parent":0,"menu_order":4,"comment_status":"closed","ping_status":"closed","template":"","meta":[],"_links":{"self":[{"href":"https:\/\/www.werb-welter.de\/wordpress\/wp-json\/wp\/v2\/pages\/53"}],"collection":[{"href":"https:\/\/www.werb-welter.de\/wordpress\/wp-json\/wp\/v2\/pages"}],"about":[{"href":"https:\/\/www.werb-welter.de\/wordpress\/wp-json\/wp\/v2\/types\/page"}],"author":[{"embeddable":true,"href":"https:\/\/www.werb-welter.de\/wordpress\/wp-json\/wp\/v2\/users\/1"}],"replies":[{"embeddable":true,"href":"https:\/\/www.werb-welter.de\/wordpress\/wp-json\/wp\/v2\/comments?post=53"}],"version-history":[{"count":13,"href":"https:\/\/www.werb-welter.de\/wordpress\/wp-json\/wp\/v2\/pages\/53\/revisions"}],"predecessor-version":[{"id":79,"href":"https:\/\/www.werb-welter.de\/wordpress\/wp-json\/wp\/v2\/pages\/53\/revisions\/79"}],"wp:attachment":[{"href":"https:\/\/www.werb-welter.de\/wordpress\/wp-json\/wp\/v2\/media?parent=53"}],"curies":[{"name":"wp","href":"https:\/\/api.w.org\/{rel}","templated":true}]}}