{"id":16,"date":"2013-08-19T13:49:21","date_gmt":"2013-08-19T11:49:21","guid":{"rendered":"http:\/\/www.werb-welter.de\/wordpress\/?page_id=16"},"modified":"2023-10-27T16:06:28","modified_gmt":"2023-10-27T14:06:28","slug":"anwaelte","status":"publish","type":"page","link":"https:\/\/www.werb-welter.de\/wordpress\/anwaelte\/","title":{"rendered":"Anw\u00e4lte"},"content":{"rendered":"<p><img decoding=\"async\" loading=\"lazy\" class=\"size-full wp-image-19 alignleft\" src=\"http:\/\/www.werb-welter.de\/wordpress\/ww-klon\/wp-content\/uploads\/2013\/08\/angelika-werb-welter.jpg\" alt=\"angelika-werb-welter\" width=\"190\" height=\"285\" \/> Frau Rechtsanw\u00e4ltin Dipl. Oec. Angelika C. Werb-Welter hat an der Universit\u00e4t Augsburg sowohl Rechtswissenschaften als auch Wirtschafts- und Sozialwissenschafte\u00a0 studiert. Nach Abschluss der Studien hat sie zun\u00e4chst in der Wirtschaft gearbeitet, bevor sie sich 1996 als Rechtsanw\u00e4ltin selbst\u00e4ndig gemacht hat.<\/p>\n<p>Augrund ihrer langj\u00e4hrigen Erfahrung in der Beratung f\u00fcr Unternehmer und Selbst\u00e4ndige wei\u00df Frau Rechtsanw\u00e4ltin Werb-Welter, dass der maximale Nutzen f\u00fcr die Mandanten oftmals weniger in der gerichtlichen Rechtsverfolgung als vielmehr in der vorbeugenden Rechtsberatung liegt. Sie legt deshalb gr\u00f6\u00dften Wert darauf, die wirtschaftlich erstrebenswerte L\u00f6sung f\u00fcr den Mandanten zu finden.<\/p>\n<p>Frau Rechtsanw\u00e4ltin Werb-Welter ist am Amtsgericht Augsburg, Landgericht Augsburg und am Oberlandesgericht M\u00fcnchen zugelassen. Sie ist an allen Amts- und Landgerichten und an den Oberlandesgerichten vertretungsberechtigt.<\/p>\n<p>Frau Rechtsanw\u00e4ltin Werb-Welter ist Mitglied im VBMI Anwaltsverband.<\/p>\n<p><a href=\"https:\/\/www.vbmi-anwaltsverband.de\/\"><img decoding=\"async\" loading=\"lazy\" class=\"alignnone wp-image-73\" src=\"http:\/\/www.werb-welter.de\/wordpress\/ww-klon\/wp-content\/uploads\/2018\/02\/VBMI-Logo-300x106.png\" alt=\"VBMI Anwaltsverband\" width=\"180\" height=\"61\" \/><\/a><\/p>\n","protected":false},"excerpt":{"rendered":"<p>Frau Rechtsanw\u00e4ltin Dipl. Oec. Angelika C. Werb-Welter hat an der Universit\u00e4t Augsburg sowohl Rechtswissenschaften als auch Wirtschafts- und Sozialwissenschafte\u00a0 studiert. Nach Abschluss der Studien hat sie zun\u00e4chst in der Wirtschaft gearbeitet, bevor sie sich 1996 als Rechtsanw\u00e4ltin selbst\u00e4ndig gemacht hat. Augrund ihrer langj\u00e4hrigen Erfahrung in der Beratung f\u00fcr Unternehmer und Selbst\u00e4ndige wei\u00df Frau Rechtsanw\u00e4ltin Werb-Welter, &hellip; <a href=\"https:\/\/www.werb-welter.de\/wordpress\/anwaelte\/\" class=\"more-link\"><span class=\"screen-reader-text\">\u201eAnw\u00e4lte\u201c<\/span> weiterlesen<\/a><\/p>\n","protected":false},"author":1,"featured_media":0,"parent":0,"menu_order":3,"comment_status":"closed","ping_status":"closed","template":"page-anwalt.php","meta":[],"_links":{"self":[{"href":"https:\/\/www.werb-welter.de\/wordpress\/wp-json\/wp\/v2\/pages\/16"}],"collection":[{"href":"https:\/\/www.werb-welter.de\/wordpress\/wp-json\/wp\/v2\/pages"}],"about":[{"href":"https:\/\/www.werb-welter.de\/wordpress\/wp-json\/wp\/v2\/types\/page"}],"author":[{"embeddable":true,"href":"https:\/\/www.werb-welter.de\/wordpress\/wp-json\/wp\/v2\/users\/1"}],"replies":[{"embeddable":true,"href":"https:\/\/www.werb-welter.de\/wordpress\/wp-json\/wp\/v2\/comments?post=16"}],"version-history":[{"count":12,"href":"https:\/\/www.werb-welter.de\/wordpress\/wp-json\/wp\/v2\/pages\/16\/revisions"}],"predecessor-version":[{"id":133,"href":"https:\/\/www.werb-welter.de\/wordpress\/wp-json\/wp\/v2\/pages\/16\/revisions\/133"}],"wp:attachment":[{"href":"https:\/\/www.werb-welter.de\/wordpress\/wp-json\/wp\/v2\/media?parent=16"}],"curies":[{"name":"wp","href":"https:\/\/api.w.org\/{rel}","templated":true}]}}